mposite?
True
Let h = -19 - -27. Let c = 0 - h. Let n(s) = -4*s + 3. Is n(c) a composite number?
True
Suppose -4985 = -13*a + 12*a. Is a composite?
True
Let h = -73 - -109. Let i = h + 55. Is i prime?
False
Let j(r) = r. Let g(v) = 2*v**3 - 2*v**2 - 2*v + 1. Let x be g(2). Let q be j(x). Suppose 789 = q*t - 2*t. Is t composite?
False
Let x(a) = -5*a**3 - 2*a**2 + 2. Is x(-3) a composite number?
True
Is (1/2)/((-3)/(-3516)) composite?
True
Suppose 5*z + 30 = g, 0 = g + 2*z + 5. Suppose -g*p + 33 = -4*p. Suppose 0 = 2*m + 4, d - 5*m + p - 126 = 0. Is d prime?
True
Let f(l) = -3*l**3 + 1. Suppose 2 - 7 = -5*x. Suppose -u - x = 1. Is f(u) a prime number?
False
Let o(i) = 84*i + 7. Is o(3) a prime number?
False
Let h(g) = 48*g**2 + 2. Is h(2) prime?
False
Suppose -5*h + 12 = -3. Suppose 0 = -5*p - h*x + 480 - 20, 381 = 4*p + 5*x. Is p a composite number?
False
Let o(j) = -4*j**2 + 4*j - 6. Let l be o(9). Let d = l + 495. Is d a prime number?
False
Let i(x) = 4*x**2 - 2. Is i(7) a composite number?
True
Let i = -131 - -55. Let j = 54 + i. Let q = 69 + j. Is q composite?
False
Let n = -4 + 5. Is 11/(n - 3/6) a composite number?
True
Let j = 4 - 8. Let d = j + -3. Is 2/d + (-79)/(-7) a composite number?
False
Let x(y) = 85*y + 14. Let z = -49 + 32. Let a(j) = -28*j - 5. Let p(w) = z*a(w) - 6*x(w). Is p(-2) a composite number?
True
Let u(q) be the second derivative of 23*q**3/3 - q**2/2 - q. Let s be u(4). Suppose -3*o - s = -3*h, 5*o = h - 40 - 5. Is h a composite number?
True
Let u = -3630 + 8163. Is u prime?
False
Let i(y) = y**3 + 8*y**2 - 2*y - 5. Let x(c) = -2*c**2 - c + 2. Let l = 7 + -5. Let q be x(l). Is i(q) a prime number?
True
Let m(t) = -t + 10. Let s(w) be the first derivative of w**3/3 + 5*w**2/2 - 7*w + 1. Let k be s(-7). Is m(k) composite?
False
Suppose -30 = -0*z - 2*z. Let m be 5*1/15*-6. Is m/((3/z)/(-1)) a composite number?
True
Let b = 422 - 248. Suppose 5*q - 676 - b = 0. Suppose 3*f = 8*f - q. Is f composite?
True
Suppose 4*g = g + 381. Is g a prime number?
True
Let r be 8*2*(-10)/(-8). Let t = r - 11. Is t a composite number?
True
Is (-1 + 2 + -3 + 504)/2 a prime number?
True
Let s(m) = 8*m**2 + 4*m + 5. Suppose 15 = -0*w - 3*w. Is s(w) prime?
False
Let p = -14 - 0. Let q(h) = -h**3 - 15*h**2 - 20*h + 5. Is q(p) a composite number?
False
Let i be -2 + 4 + (-2)/(-2). Suppose 8 = i*d - 4. Suppose 4*b - 32 = d*r, 0 = -5*b + b + r + 17. Is b prime?
True
Is 9/3 - (736*1)/(-1) prime?
True
Suppose 8*c = 6*c + 66. Is c prime?
False
Let a = 45 + -63. Is 254/3*a/(-12) composite?
False
Let p = 2 + -3. Suppose 3*c = -25 + 10. Is c*(2*p - 1) a composite number?
True
Let m = 2 + -2. Let l be 1*-2*(m - 1). Suppose -l*y - 2*y + 156 = 0. Is y composite?
True
Suppose -2*p = -5*p + 66. Suppose -p = 4*d - 162. Let y = d - -2. Is y a composite number?
False
Let z(p) = -p**2 + 19*p + 3. Is z(11) a prime number?
False
Suppose -2*i - 1 - 5 = 0, 0 = -l - 2*i + 68. Let f be (-110)/2 - (-7 - -3). Let g = f + l. Is g a prime number?
True
Suppose 6*u - 4314 = -432. Is u a composite number?
False
Is 0 - (-2 + 1) - -126 a prime number?
True
Let u(s) = -2*s**2 + 4*s + 4. Let x be u(-2). Is (-3538)/x - (-1)/6 a composite number?
True
Is -1 - ((-1791)/12)/((-15)/(-40)) composite?
False
Let k(o) = 2*o**3 + 4*o**2 + 15*o - 4. Is k(13) composite?
False
Let m(s) be the third derivative of -5*s**4/24 + 5*s**3/6 + 2*s**2. Suppose -3*u - r - 17 = 0, -4*u = 6*r - 2*r + 20. Is m(u) a composite number?
True
Let m = -714 - -2117. Is m a composite number?
True
Let c(v) = v - 10. Let l be c(10). Let f = 5 - l. Suppose 0 = -3*r - f*t + 483, 295 = 5*r - 5*t - 510. Is r a prime number?
False
Let m(o) = o**2 + 3*o - 2. Let x be m(-4). Suppose -x*h = h. Suppose 3*v = 2*d + 57, -5*v + 99 = -h*d - 2*d. Is v a composite number?
True
Let h be (-1 - -29)*9/4. Let j = -88 + h. Is (-485)/j - (-2)/(-5) a composite number?
False
Let r = -21 - -54. Is r composite?
True
Suppose -4*p = 4, -j = -0*p + 2*p. Let h be (-3)/1 + j + 1. Suppose h = 4*a - 557 - 87. Is a prime?
False
Suppose 0 = 2*n - 6. Suppose -2*g + 5*f = -135, 3*f + 4 = -5. Suppose 2*z - g = n*t, -z + 5*z - 5*t = 122. Is z a prime number?
False
Let m be 15*((-4)/(-3))/4. Suppose -u = m*r + 20, 5*r + 10 = u - 0. Is ((-316)/6)/(2/r) prime?
True
Let d(t) = -t**2 + 7*t + 10. Let w be d(8). Let a be (5/w)/(1/2). Let x = a - -5. Is x composite?
True
Let h = 175 - 46. Let c = 646 + h. Suppose -5*i + c = -0*i. Is i prime?
False
Let g(h) = 55*h - 2. Let j be g(1). Suppose 0 = -2*v - 3*v + 25, k = -2*v + j. Is k prime?
True
Let t = -28 + 10. Let k be (-1 - 1)*-1 - t. Suppose 0 = -c - c + k. Is c composite?
True
Let f(q) = 2*q**2 + 3*q - 1. Let k = -11 - -7. Is f(k) a prime number?
True
Suppose 0 = 4*g + g - 30. Suppose -g = -5*s - 26. Let u = s + 19. Is u prime?
False
Suppose -4*t = b - 153, 0*b - 4*b - 54 = -2*t. Suppose 0 = s - 40 - t. Is s a prime number?
False
Let s = 445 + -263. Suppose -s = -5*r + v, -3*r - 50 = v - 164. Is r a composite number?
False
Let u(x) = 2*x**3 + 6*x**2 - 4*x + 3. Is u(4) a composite number?
False
Suppose -3*c = -3*j - 192, 3*c + 4*j = -c + 240. Suppose 0 = -5*u + 3*l - 188, 0 = 5*u + 3*l + 84 + 98. Let f = u + c. Is f a prime number?
False
Suppose 579 = 4*t + 55. Suppose 9*m = 8*m + t. Is m composite?
False
Suppose 8 = -f + 2779. Is f composite?
True
Suppose 0 = k - j + 5, 4*j - j - 1 = k. Let g = 12 + k. Let h = g - -80. Is h a composite number?
True
Let u be (-5)/10 + 98/(-4). Let v = u + 84. Is v prime?
True
Is (4/(-16))/((-3)/1884) prime?
True
Suppose -1 = s + 2. Let w(q) = 15*q + 2 + 6*q**2 - 14*q - q**2 + q**2. Is w(s) composite?
False
Suppose -6*s + 1412 = -2*s. Is s composite?
False
Is (-1988)/(-6) + 1/(-3) a prime number?
True
Suppose -14 = -4*w + r, -w = -5*w + 2*r + 12. Suppose -h + w = -0*h. Is (h/(-12))/((-2)/762) a prime number?
True
Is (0 + (-66)/(-9))/(2/3) composite?
False
Suppose -4*b - 3825 = b. Is 3/(-6) + b/(-6) a prime number?
True
Suppose 2*l - 3*l - 1 = 0. Let z be -3 + 3 + l - 0. Is z/((-1)/225) + -2 a composite number?
False
Let q be (-2)/4 + (-63)/(-2). Suppose f = -13 - 9. Let v = q - f. Is v a prime number?
True
Let r be (4/(-3))/(6/(-801)). Let k = r + -107. Is k a composite number?
False
Let o be (4/6)/((-4)/(-834)). Let a be 2 + (-1 + 2 - -45). Let k = o - a. Is k prime?
False
Suppose -l = -5, o + 5*l - 147 = -39. Is o prime?
True
Let z(c) = c**3 + c**2 + c. Suppose s = -4*o, -8 = 4*o - 0*s - s. Let f be 2*o + 4 - 0. Is z(f) prime?
False
Let j be 138 - (-1 + 0 + -2). Suppose -4*r = -6 + 18, -4*f + j = -3*r. Is f a composite number?
True
Let u be 24/16*(-1 + -17). Let i = u + 61. Is i prime?
False
Suppose 0 = 2*v + v - 489. Suppose 8 = -2*t - 2*t, 2*t + v = 3*b. Is b a prime number?
True
Let c(h) = 4*h**3 + 2*h**2 + h. Let p be c(-1). Is p + 24 - (0 + 0) a composite number?
True
Let f = 17 + -7. Suppose 0*q + f = 5*q. Suppose 148 = 4*y - q*y. Is y a composite number?
True
Suppose -2*g + 0*g + 258 = 0. Is g a prime number?
False
Suppose -4*s + 69 + 207 = 0. Is s a prime number?
False
Let m be 0 - (3 + -6 + 7). Is 7*m/(4/(-47)) prime?
False
Let h be (-6)/(-8)*(2 - -6). Suppose 0 = 3*c + 4*t + 10, t - 14 = 4*c + h*t. Is 4/(-6) + (-28)/c a composite number?
True
Let w = 1079 - -89. Is w/12 + 1/(-3) prime?
True
Suppose 0 = 2*j - 27 - 313. Suppose -21 = 5*x + 4, -x - j = 3*g. Let o = g - -90. Is o a prime number?
False
Let j(c) = c**3 + 3*c**2 + 2*c + 2. Let a be j(-2). Suppose -r - a*r - 5*d + 1 = 0, -5 = -4*r - 3*d. Is 2 + r + -4 - -33 composite?
True
Let v(a) = a - 2. Let c be v(0). Let x = 91 + c. Is x prime?
True
Let q(f) = f + 1. Let y be q(5). Let o be 192/10*40/y. Is 6/15 + o/5 composite?
True
Let a(j) = -j + 1. Let k be a(-3). Suppose -o + 265 = k*o. Is o composite?
False
Let d(v) = -v**3 - 13*v**2 + 21*v + 22. Is d(-15) composite?
False
Suppose 3*v - 48 = 30. Is v prime?
False
Let q = 16 - 11. Suppose -q*p = -333 - 622. Is p a composite number?
False
Let h(j) = -j**3 + j**2 - j + 5. Let f be h(0). Suppose -2*a + 117 = 3*s - 156, f*a = 0. Is s a prime number?
False
Let a be (318/3)/((-4)/(-8)). Suppose -11*d - a = -15*d. Is d composite?
False
Let b(g) = 37*g + 6. Suppose 0*j - 2*j = -10. Is b(j) a composite number?
False
Suppose s + s = 70. Is s a composite number?
Tru